{"id":30,"date":"2023-10-26T22:43:20","date_gmt":"2023-10-26T20:43:20","guid":{"rendered":"https:\/\/localhost\/junepedia\/?page_id=30"},"modified":"2023-10-28T20:24:06","modified_gmt":"2023-10-29T00:24:06","slug":"30-2","status":"publish","type":"page","link":"https:\/\/gmonfils.com\/junepedia\/","title":{"rendered":"Accueil"},"content":{"rendered":"\n<p>Bienvenue \u00e0 Junep\u00e9dia, l&rsquo;encyclop\u00e9die du parfait d\u00e9tective. Ici vous trouverez une tone d&rsquo;information qui vous permettra d&rsquo;aiguiser vos sens et d&rsquo;appr\u00e9cier ce merveilleux voyage dans le monde de June.<br><\/p>\n","protected":false},"excerpt":{"rendered":"<p>Bienvenue \u00e0 Junep\u00e9dia, l&rsquo;encyclop\u00e9die du parfait d\u00e9tective. Ici vous trouverez une tone d&rsquo;information qui vous permettra d&rsquo;aiguiser vos sens et&hellip; <\/p>\n","protected":false},"author":1,"featured_media":0,"parent":0,"menu_order":0,"comment_status":"closed","ping_status":"closed","template":"","meta":{"footnotes":""},"jetpack_sharing_enabled":true,"_links":{"self":[{"href":"https:\/\/gmonfils.com\/junepedia\/index.php\/wp-json\/wp\/v2\/pages\/30"}],"collection":[{"href":"https:\/\/gmonfils.com\/junepedia\/index.php\/wp-json\/wp\/v2\/pages"}],"about":[{"href":"https:\/\/gmonfils.com\/junepedia\/index.php\/wp-json\/wp\/v2\/types\/page"}],"author":[{"embeddable":true,"href":"https:\/\/gmonfils.com\/junepedia\/index.php\/wp-json\/wp\/v2\/users\/1"}],"replies":[{"embeddable":true,"href":"https:\/\/gmonfils.com\/junepedia\/index.php\/wp-json\/wp\/v2\/comments?post=30"}],"version-history":[{"count":7,"href":"https:\/\/gmonfils.com\/junepedia\/index.php\/wp-json\/wp\/v2\/pages\/30\/revisions"}],"predecessor-version":[{"id":198,"href":"https:\/\/gmonfils.com\/junepedia\/index.php\/wp-json\/wp\/v2\/pages\/30\/revisions\/198"}],"wp:attachment":[{"href":"https:\/\/gmonfils.com\/junepedia\/index.php\/wp-json\/wp\/v2\/media?parent=30"}],"curies":[{"name":"wp","href":"https:\/\/api.w.org\/{rel}","templated":true}]}}